)/(-225)). What are the prime factors of (p/35 - (-8)/14)*17?
17, 19
Let i(n) be the third derivative of 1/3*n**3 + 0*n - 14*n**2 + 1/24*n**4 + 0 - 1/40*n**6 + 0*n**5. List the prime factors of i(-2).
2, 3
Let r(m) = 10*m + 333. Let f be r(-34). What are the prime factors of -176*f/((-14)/(-1))?
2, 11
Let f(x) = 82*x**3 + 6*x**2 - x - 12. Let q be f(4). Suppose -q = -12*u + 396. List the prime factors of u.
3, 53
What are the prime factors of (-3 + 954)*(6/(-18)*-11 - 2)?
5, 317
Let p(g) = -18*g**2 + 10*g + 49. Let z be p(-5). Let s = z + 859. List the prime factors of s.
2, 3, 17
Suppose 692 = 4*r + 4*m, 50 = -r + 3*m + 207. Let h = r + -97. Let o = h - 63. What are the prime factors of o?
3
Suppose 135904 + 107777 = 183*z - 67785. What are the prime factors of z?
2, 23, 37
Let a(u) = -2*u**3 - u**2 - 3*u - 2. Let j be a(-1). Let i be (35/7)/(j/16). Suppose -2*w + i = 2*w. What are the prime factors of w?
2, 5
Suppose -126*a + 214*a = 1386440. What are the prime factors of a?
5, 23, 137
Let g be 4*(-3)/(-12)*(-1 + -8). Let a = g - -11. Suppose 15 = -3*z, -4*w + 3*z - a*z = -229. List the prime factors of w.
2, 7
Suppose -4*s - 3*h - 258 = 0, -6*s - 128 = -4*s + h. What are the prime factors of 5343/24 - (-3 + s/(-24))?
223
Let b(z) = -z**3 - 5*z**2 - 5*z + 4. Suppose -6*d - 40 = 2*d. Let s be b(d). Suppose -5 = t - s. List the prime factors of t.
2, 3
Suppose 0 = -4*y + 4*x - 1616, y - 5*x = -7*x - 419. Let d = y - -905. What are the prime factors of d?
2, 31
Let g be 4 - (4/(-12))/((-2)/(-12)). Suppose 3*v - 4*v = g. Let n(i) = 2*i**2 - 4*i + 8. List the prime factors of n(v).
2, 13
Let f(c) = -16 + 2*c + 21*c + 0 + 9*c**2 - 19*c + 3*c**3. Let d be f(-6). Let j = -67 - d. List the prime factors of j.
3, 11
Suppose -a - 92996 = -6*s, 61237 + 16271 = 5*s + 2*a. What are the prime factors of s?
2, 5, 31
Let q be (-7)/(616/16) - 1161/(-33). Suppose j - 1866 = -5*z, -4*z + q - 19 = 0. What are the prime factors of j?
2, 13, 71
Suppose 0 = -148*l + 145*l - 57. Let c = 133 + -342. List the prime factors of (l - -4)/(-3) - c.
2, 107
Let b be 291/(-582)*4/(-1). Let x be (-10)/(-15)*2*3. Suppose -238 = -b*k + x*p, 0 = -0*p + p - 5. What are the prime factors of k?
3, 43
Let a = 941 - 941. Suppose 24*f - 74*f + 43550 = a. What are the prime factors of f?
13, 67
Let y = 30180 - 19639. List the prime factors of y.
83, 127
Let y(z) = 1163*z - 919. List the prime factors of y(6).
73, 83
Suppose 5*z + 4*r - 21362 = 0, -5*z - 286*r + 21411 = -289*r. What are the prime factors of z?
2, 3, 23, 31
Let t be 2/(14/42 - 4/(-6)). Suppose 3*y = -4*j + 405, -y + t*j - 4*j + 137 = 0. What are the prime factors of y?
131
Let r(p) = 3*p**3 - 264*p**2 - 4*p - 208. List the prime factors of r(89).
3, 11, 19, 37
Suppose -26*a + 29*a - 24658 = -4*f, 0 = 3*a - f - 24668. List the prime factors of a.
2, 4111
Suppose -5*o = -40, 3*t - 5*o - 59339 = 17778. List the prime factors of t.
3, 8573
Let p(w) = 21*w**2 - 9*w + 35. Let o(v) = -v**2 - 15*v - 7. Let t be o(-14). What are the prime factors of p(t)?
7, 11, 13
What are the prime factors of (-625206)/(-63) + (-6)/(-63)?
2, 3, 827
Let m = -3 + -13. Let f be (-484)/(-16) - 6/(-8). Let r = f + m. What are the prime factors of r?
3, 5
Let i(j) = 58*j + 53. Let l(y) = 56*y + 53. Let m(q) = 5*i(q) - 6*l(q). List the prime factors of m(-9).
19
Let x = -16 - 46. Let l = x + 43. Let s(g) = -3*g + 59. List the prime factors of s(l).
2, 29
Let y(z) = -1440*z - 3665. What are the prime factors of y(-20)?
5, 11, 457
Suppose -108*i = -109*i + 7, 2*r + 2*i - 36694 = 0. What are the prime factors of r?
2, 5, 7, 131
Let l(n) = -5*n**3 + 13*n**2 - 22*n - 16. Let y(z) = z**3 + 1. Let x(q) = l(q) + 4*y(q). Let j be x(10). Let w = -41 + j. List the prime factors of w.
3
Suppose -g = -5*j - 5 - 7, j = -g. Let w(n) = 28*n**3 + 5*n**2 - 3*n - 4. List the prime factors of w(g).
2, 3, 13
Let y = 13332 + 443. List the prime factors of y.
5, 19, 29
Let c = 7450 + -2374. List the prime factors of c.
2, 3, 47
Let q(p) = 37*p + 2883. What are the prime factors of q(-36)?
3, 11, 47
Let d = -45 - -37. Let p be 1*4 - (d + -363). Suppose g + i = -0*i + 94, -3*i + p = 4*g. List the prime factors of g.
3, 31
Suppose -197 = 5*t - 212. Let o(f) = -2*f**2 + 1035*f - 263*f**t + 4*f**2 - 1 - 1034*f. List the prime factors of o(-1).
263
Let z = 383 + -364. Suppose -z*h + 11*h + 4544 = 0. List the prime factors of h.
2, 71
Let u = 16570 - 7089. What are the prime factors of u?
19, 499
Suppose -572922 + 137594 = -152*t. List the prime factors of t.
2, 179
Suppose j = -2*y + 99218, -2*j + 1747 = 1739. List the prime factors of y.
113, 439
Let k(j) = j**3 - j**2 - j + 81. Let b(g) = g**3 - 14*g**2 - 19*g + 60. Let x be b(15). List the prime factors of k(x).
3
Suppose 123 = d - 5*n + 16, 5*n + 199 = 2*d. Suppose -d*f + 84*f + 1712 = 0. List the prime factors of f.
2, 107
Suppose -3*u = -2*m + 1035 + 7370, -m + u = -4206. List the prime factors of m.
11, 383
Suppose 3732 - 12657 = -15*f. Let b = 871 - f. What are the prime factors of b?
2, 3, 23
Suppose -h = 3*z - 8969, 0 = -70*h + 73*h - 2*z - 26951. What are the prime factors of h?
7, 1283
Suppose -134*o + 13743 = -260*o + 135*o. What are the prime factors of o?
3, 509
List the prime factors of 6 + -17 - 438876/(-18).
24371
Suppose 470*j - 18027627 = 13737323. List the prime factors of j.
5, 7, 1931
What are the prime factors of 39696 - (-17 + (-1 - -20))?
2, 89, 223
Suppose -5*m = -4*i - 35 + 44, i = 4*m - 6. Suppose 2*h - o - 455 = 0, -i*o + 9*o = 15. What are the prime factors of h?
2, 5, 23
Let x(a) = 13*a**2 + 2*a - 10*a**2 + 3*a - 21 + 11*a. What are the prime factors of x(-8)?
43
Let f(w) = 4*w + 10. Let p(n) = -n**3 + 6*n**2 - 2*n - 8. Let a be p(4). What are the prime factors of f(a)?
2, 37
Let t = -254 + 457. Suppose -2*h + t = -473. What are the prime factors of h?
2, 13
Let x = 66462 - 27584. List the prime factors of x.
2, 7, 2777
Let l = 9354 + -2870. What are the prime factors of l?
2, 1621
Suppose 3*g = 3*i - 12, -2*g = 5*i - 10 - 10. Suppose -s - i*w = -59, -s - 5*w = -6*s + 295. Let u = s + -56. What are the prime factors of u?
3
Let s(q) = -13*q - 14*q - 4 + 26*q. Let a be s(9). Let k(z) = -4*z + 29. What are the prime factors of k(a)?
3
Let s(y) = -y**3 + 80*y**2 - 111*y + 4279. List the prime factors of s(58).
71849
Let r(y) = 9*y + 223. Let j be r(-14). Suppose -o + j = -395. What are the prime factors of o?
2, 3, 41
Suppose 3*k + 8 + 10 = 5*h, -5*k + 5*h - 20 = 0. Let s be 8/(-40)*5 - (0 + k). Suppose 0*g - 2*g + 388 = s. What are the prime factors of g?
2, 97
Let f = 206 + -179. List the prime factors of (-14)/63 + (1 - (-13209)/f).
2, 5, 7
Let c(m) = 3*m**2 - 24*m - 3. Let d be 7/28 - (93/4)/(-3). Let r be c(d). List the prime factors of (-2)/(-6) - 8/r.
3
Suppose -5*i = 5*h - 1545, 0 = -4*i + 5*h + 110 + 1180. List the prime factors of i.
3, 5, 7
Let g(h) = 156*h + 592. What are the prime factors of g(76)?
2, 389
Suppose -149369 = 23*t - 727175. What are the prime factors of t?
2, 3, 53, 79
Suppose 0*d + 8871 = j + 5*d, 0 = -4*j + 4*d + 35508. List the prime factors of j.
2, 7, 317
Let f = 416 + -375. Let y(o) = 6*o**3. Let x be y(1). Suppose 425 - f = x*z. List the prime factors of z.
2
Suppose -3*t - 8*d + 33 = -11*d, 5*t + d - 49 = 0. Suppose -3000 - 4660 = -t*g. List the prime factors of g.
2, 383
Suppose -v + 2 = 4*v - 2*p, -3*p + 20 = 4*v. Suppose 0 = -3*i + 4*w + 609, -2*i - v*w = i - 627. What are the prime factors of i?
3, 23
Let o = 3184 + -3162. Let c be -2 - ((-408)/2 + 0). Let f = o + c. List the prime factors of f.
2, 7
Suppose 3*o = 5 - 29. Let g = -16 + o. List the prime factors of 350/4 - 2/(g/(-18)).
2, 43
Let k be (1 - -3)/((-176)/(-836)). Let j(q) = 5*q**2 - 36*q + 80. List the prime factors of j(k).
1201
Let b(m) = -5 + 2 + 18*m + 0. Suppose -5*i + 12*s = 15*s - 48, -52 = -4*i + s. List the prime factors of b(i).
3, 71
Let v(p) be the first derivative of -p**5/60 + 13*p**4/24 + 4*p**3/3 + 29*p**2/2 + 6. Let n(m) be the second derivative of v(m). List the prime factors of n(8).
2, 3
Suppose -2*f + 80 = 4*z - 4*f, 3*z - 4*f = 55. Suppose -147*x = -160*x + 52. List the prime factors of (z - (-2 - -2)) + x.
5
Let x be (-2)/(-4) - (-1)/2*5. Suppose 2*r + 12 = 4*r - 4*l, 3*r =